 Let w(q) = -13*o(q) - 2*r(q). Give w(14).
32
Suppose 31*c - 121*c - 45 = 45. Let v(i) = -i**3 - i**2. Calculate v(c).
0
Let v(s) = -90*s + 179*s - 85*s - 3. Suppose 12*u - 18 - 42 = 0. Let x(z) = 2*z**3 - 9*z**2 - 6*z + 10. Let f be x(u). Give v(f).
17
Let x(r) = 3*r - 2*r - 6*r**2 - 44 - 2*r**3 + 110 - 54 + r**3. Give x(-6).
6
Let o(f) = f**2 + f - 10. Let u be ((-584)/(-20) - 4)/((-9)/60). Let m be 72/u + (-6)/(-14). What is o(m)?
-10
Let l(y) be the second derivative of y**4/6 + 3*y**3/2 - 2*y**2 + 4*y + 16. Determine l(-6).
14
Let w = 3 + -8. Let f(i) = 2*i - 4*i**2 + 0*i - 9*i**3 + 0*i + 10 + 8*i**3. Let m(l) = -l**3 - 3*l**2 + 2*l + 9. Let a(y) = w*f(y) + 6*m(y). Give a(3).
1
Let m(k) = -k + 8. Suppose 0*u - 4*u - f - 196 = 0, -2*f - 248 = 5*u. Let i be (-6)/u*-62 + (-1)/4. Give m(i).
16
Let o(x) = -x**2 - 19*x + 6. Let r be o(-19). Let m(l) = -14*l**2 + 3*l**2 + r*l - 5*l - 8*l**2. Give m(-1).
-20
Let k(r) = 12*r - 30*r + 14*r + 8*r - 31 - 10. Determine k(11).
3
Let a(s) be the second derivative of 1/3*s**3 - 1/2*s**2 - 3/4*s**4 + 19 + s. What is a(1)?
-8
Let i(v) be the second derivative of -v**3/6 + 8*v**2 + v. Let c(w) = -w**3 - 17*w**2 + 51*w + 256. Let u be c(-19). Give i(u).
7
Let u(t) = -6*t**2 + 11*t + 7. Let h(k) = k**2 - 1. Let n(l) = -5*h(l) - u(l). Let j(s) = s**3 + 17*s**2 + 40*s - 18. Let g be j(-14). What is n(g)?
-12
Let f(c) = 21*c + 2. Suppose -67*n + 121*n = 67*n + 26. Give f(n).
-40
Let y(w) = -3521*w + 13 + 1760*w + 1768*w - 2*w**2 + w**2. What is y(-4)?
-31
Let w(y) = -y**2 - 63 + 143 - 75. Let r(v) be the third derivative of v**5/60 - v**4/8 - v**3 - v**2. Let t be r(5). Determine w(t).
-11
Suppose -2*l + 5*t = -11, -3*l - l - 5*t = -97. Let i(p) = p**2 - 16*p - 31. Let f be i(l). Let o(z) = z**2 - 2*z + 6. Give o(f).
21
Suppose 3*m = 9 + 9. Let v(y) be the first derivative of y**3/3 - 3*y**2 + 8*y + 981. Determine v(m).
8
Let x(z) = 27*z + 41. Let o = -16262 - -16260. Determine x(o).
-13
Let d(o) = -3*o. Let q(w) = w + 1. Let r(k) = d(k) - 4*q(k). Let f(n) = -27*n - 15. Let m = 30 - 26. Let z(y) = m*f(y) - 15*r(y). Calculate z(6).
-18
Suppose 3 + 15 = 3*f. Suppose f*w = w + 5. Let d(b) = -13*b**2 + 0*b**2 + 84 - 85. Calculate d(w).
-14
Let j(q) be the second derivative of -q**5/20 - 2*q**4/3 + 2*q**3/3 + 37*q**2/2 + 405*q - 6. Calculate j(-8).
5
Let g(c) = -6*c + 5. Let x be g(10). Let f = -57 - x. Let d(l) = 2*l**3 + 2*l**2 + 3*l + 1. Calculate d(f).
-13
Let g(z) = -3*z**2 - 1. Let k(n) = -3*n**3 - 54*n**2 + n + 11. Let t(c) = -4*g(c) + k(c). Determine t(-14).
1
Suppose 3*u - 3*h = -3, -h - 4*h - 10 = 0. Let b(k) = -10*k - 24. What is b(u)?
6
Suppose -3*y = 5*f - 43, 0 = -y + 5*f + 1. Let u(n) = -5*n - 26*n**3 + 27*n**3 - 6*n - y + 11*n**2. Calculate u(-12).
-23
Let m(y) be the first derivative of 7*y**2/2 + 290*y - 16370. What is m(-41)?
3
Let w(c) be the first derivative of -5/24*c**4 + 1/360*c**6 + 0*c + 1/24*c**5 + 0*c**2 - 3*c**3 + 2. Let v(i) be the third derivative of w(i). Determine v(-6).
1
Let g(d) = 20*d**2 + 473*d**3 + 15 - 472*d**3 - 451*d + 488*d. Calculate g(-18).
-3
Suppose 0 = 3*g - 412 - 56. Let x = g + -151. Let z(d) = -d + 8. What is z(x)?
3
Let a = 21 - 23. Let i(j) be the second derivative of -j**5/60 - j**4/24 + j**3/3 - 17*j**2/2 + 12*j. Let q(v) be the first derivative of i(v). Calculate q(a).
0
Suppose 2*r = 5*c - 8*c + 6, -4*c + 8 = 2*r. Let m(q) = -175*q**2 - 1 + 174*q**2 + 2*q - c*q. Determine m(-1).
-2
Let q(r) = 12*r + 10*r - 6*r - 299 + 7*r - 152. Determine q(20).
9
Let z(k) = -6089*k + 15 + 3044*k + 3063*k + 22. Give z(-11).
-161
Let v(g) be the third derivative of -7*g**4/24 - 50*g**3/3 - 5867*g**2. Give v(-15).
5
Suppose 3*l = b - 27, -17*b + 19*b + 5*l = 54. Let w(a) = -b + 27 - 12*a**3 - 2*a**2 + 1. Give w(-1).
11
Suppose -9*y = -1067*i + 1063*i + 159, 4*i + 3*y = -69. Let z(j) = 1 + 6*j - 2*j + j**2 + j. What is z(i)?
-5
Let y(u) = 4*u**3 - 761*u**2 + 195*u - 956. Let a be y(190). Let r = 2 - 0. Let f(g) = -3 - 6 + g**r - 8*g - 3*g**2 + g**2. Determine f(a).
3
Let w(q) = 65*q - 192. Let i be w(3). Let r(n) = -5 - 7*n**i - 6*n**2 - 4*n**3 + 9*n**3 + 8*n**2 + 3*n. Give r(2).
-7
Let z(c) = 2 - 2*c**2 + 3*c + 0 - 7*c - 1. Let h(d) = 0 - 44*d + 14 - d**2 + 5*d + 23*d. Let a be h(1). Calculate z(a).
-5
Let k(f) = -2*f + 2. Let i(a) = 39*a - 4. Let z(p) = i(p) + 4*k(p). Determine z(3).
97
Let s(t) = -12*t - 107. Let x be s(-9). Let u(p) = -227*p + 110*p + 116*p - x. Calculate u(2).
-3
Let p(n) = -3*n + 10. Let c = -55 - -54. Let g be (0/c)/(0 + 1) + -3. Let x be g/((-1)/2 + 3/42). Give p(x).
-11
Let y(q) = q**2 + 12*q + 31. Suppose -8*w - 38 = 2. Let v be y(w). Let c(j) = 2*j**2 + j - 2. Calculate c(v).
26
Let v(f) = -f**3 + 2*f**2 + 3*f - 3. Let b be v(2). Suppose u = 2*u - 4*n + 6, -2 = b*u - 4*n. Let o(a) = -2*a**2 - a**u - 3 + 4*a**2. Determine o(3).
6
Let w(b) = b**3 - 1843 + 1857 - 23*b**2 + 2*b**3 - 6*b**3 + 2*b**3 + 50*b. What is w(-25)?
14
Let s(p) = 9*p**2 - 16*p + 49. Let g(f) = 61*f**2 - 111*f + 332. Let v(z) = 4*g(z) - 27*s(z). Suppose -2*r + 25 - 1 = 0. Determine v(r).
5
Let n = 29898 + -29893. Let i(p) = -42*p + 214. What is i(n)?
4
Suppose -3*x = 4*w + 3, 4*x - 4 = 2*w - 8. Let r(h) = 780 - h + w*h - 780. What is r(-1)?
1
Let m(v) = 14 - 50205*v + 17 + 50197*v + 32. What is m(8)?
-1
Let v(z) = 5*z**3 - 8*z**2 + z - 1. Let r(c) = 43*c**3 - 44*c**2 - 14*c - 10. Let i(q) = r(q) - 9*v(q). What is i(13)?
38
Let n(g) = -g + 119. Let b(l) = -648. Let w(a) = b(a) + 5*n(a). What is w(-4)?
-33
Let j(g) = g**2 + 6*g - 5. Suppose 0 = 2*p + 8 - 40. Suppose p*u + 32 = 18*u. Let b(x) = 2*x - 36. Let l be b(u). Give j(l).
-13
Let n(w) be the second derivative of -w**5/20 - 5*w**4/6 - 3*w**3/2 + 3*w**2/2 - 1466*w. Calculate n(-8).
-53
Let v = 253 - 251. Let z(s) be the second derivative of -s + s**3 + 0 + 1/2*s**v. What is z(1)?
7
Let o(u) = 51*u - 3. Let h(s) = -11*s + 1. Let g(p) = 5*h(p) + o(p). Give g(-6).
26
Let y be (-3066)/(-588) + (-3)/14. Let g(i) = 21*i - 109. What is g(y)?
-4
Let k = 10 - 3. Let s(j) = 59*j - 7. Let y(p) be the third derivative of 5*p**4/12 - 2*p**2 + 83. Let h(i) = s(i) - 6*y(i). Give h(k).
-14
Suppose 0 = 2*z - o - 4, -1 = 4*z + o - 21. Let w = 536 - 413. Let t(i) = -121*i - 119*i - 3 + 489*i - 122*i - w*i. Determine t(z).
13
Let n(r) = -r**2 - r + 1. Suppose 2*z = v + 3, 22*v - 17*v - 3 = z. Let b(c) = -c**3 + 9*c**2 - 11*c + 10. Let f(y) = v*b(y) - n(y). What is f(9)?
0
Let v(c) be the third derivative of -2*c**5/15 + 7*c**4/12 - 7*c**3/3 - 7*c**2 - 34*c - 2. Calculate v(1).
-8
Let s = 10 - 7. Suppose 0 = -2*j + 5*j + s. Let n(g) be the first derivative of 7*g**3/3 + g**2/2 + g - 1228. Determine n(j).
7
Let x(y) be the first derivative of 0*y**2 - 23 + 0*y - 23/3*y**3 + 1/120*y**5 + 0*y**4 - 1/360*y**6. Let l(k) be the third derivative of x(k). Give l(3).
-6
Let n(r) = -3*r - 14. Let t = 356 - -142. Let y = t + -509. What is n(y)?
19
Let u be (-671)/(-244) + 3/(-4). Let i(t) = -2*t**2 - 8 + 3*t**u - 1 + 4 - 4*t. What is i(5)?
0
Suppose -7*f + 32 = -3*f. Let p(o) = o**3 + 2*o**2 + o - 2. Let r(y) = 6*y**3 + 2*y**2 + 3*y + 1. Let v(s) = -5*p(s) + r(s). Calculate v(f).
-5
Let s(o) = 0*o - 1 - o**2 + 17 + 10*o. Let c(n) = 6*n**2 + 26*n + 40. Let x be c(-2). Determine s(x).
-8
Let k(l) = 104149 + 7*l - l**2 - 52105 - 52038. Let y be -2 + 10 - (1 + -1). What is k(y)?
-2
Let s = -22 + 27. Suppose -w + 4 + s = 0. Suppose m = w*m - 32. Let b(t) = -t**2 + 5*t - 1. Determine b(m).
3
Let k(d) be the third derivative of d**6/120 - 2*d**5/15 + d**4/6 + 2*d**3/3 + 11*d**2 - 121*d. What is k(5)?
-51
Let i = -5 + 11. Let r = i - 0. Let f(l) = 2*l - 29. Let a(j) = -2*j + 24. Let s(p) = 4*a(p) + 3*f(p). Determine s(r).
-3
Let c = -16564 - -16576. Let i(q) = q**3 - 12*q**2 + 2*q + 12. Calculate i(c).
36
Let i(l) = -6*l**2 - 14*l - 1. Let r(w) = 7*w**2 + 16*w + 1. Let m(z) = -6*i(z) - 5*r(z). Let n be 0/(-10) - (1 - -3). Calculate m(n).
1
Let f(h) = 2*h**2 + 7*h - 8. Let n(i) = 39*i - 2. Let p be n(-1). Let m = -27 - p. Let c(l) = -l + 8. Let b be c(m). Give f(b).
22
Suppose 4*n = -3*y + 9, 14*y + 11 = 2*n + 9*y. Let a(s) = s**3 - 2*s**2 - 4*s - 6. Calculate a(n).
-9
Let d(j) be the first derivative of -j**3/3 - 3*j**2 - 1. Let k(b) = -182*b - 3465. Let g be k(-19).